 is 4103 - 2520?
1143
In base 6, what is 105 - 50501?
-50352
In base 14, what is -54a490 + -2?
-54a492
In base 14, what is 146 - 3c?
108
In base 5, what is -310 - -20104?
14244
In base 14, what is 158cd + -19?
158b4
In base 12, what is 735 - 89?
668
In base 12, what is 7 + 63446?
63451
In base 4, what is -1200110 - 1213?
-1201323
In base 9, what is -62572 - -6?
-62565
In base 4, what is -20203230 - 3?
-20203233
In base 12, what is 3 - -10262?
10265
In base 6, what is 3 + -132523?
-132520
In base 9, what is -11 + -2151?
-2162
In base 10, what is 483 - 8?
475
In base 15, what is 11c1 - 300?
dc1
In base 8, what is 145 + -7056?
-6711
In base 2, what is 1000100111101110 + -1011?
1000100111100011
In base 7, what is 126005 - 11?
125664
In base 14, what is -4 - -a3a?
a36
In base 14, what is -23a7 - 72?
-2439
In base 15, what is -1073 + -44?
-10b7
In base 12, what is 30 - -2173?
21a3
In base 5, what is 13412 + 213?
14130
In base 11, what is 45 - -130?
175
In base 8, what is 2276246 - 2?
2276244
In base 11, what is -2257 - 16?
-2272
In base 15, what is 126 + -dd?
38
In base 2, what is 101 + -10110000100101?
-10110000100000
In base 9, what is -21746 + 55?
-21681
In base 8, what is 1 - 226163?
-226162
In base 13, what is 1b6 + -3c?
177
In base 9, what is 2 - 1134313?
-1134311
In base 4, what is 11 + 12123120?
12123131
In base 6, what is -13410515 - 3?
-13410522
In base 10, what is 10 + -434?
-424
In base 9, what is -8 + -345480?
-345488
In base 13, what is -2 + 4590a?
45908
In base 14, what is -c71 - 5c?
-ccd
In base 11, what is 180a + -2?
1808
In base 15, what is 16b6 - 3b?
167a
In base 3, what is -22 + 1111001?
1110202
In base 8, what is 15711 + -7?
15702
In base 8, what is -1261345 - 4?
-1261351
In base 9, what is 2 + -343782?
-343780
In base 12, what is 975 - -45?
9ba
In base 8, what is -74624 - -77?
-74525
In base 15, what is 408c + 0?
408c
In base 15, what is -1 - ccc63?
-ccc64
In base 14, what is 4 - 178639?
-178635
In base 12, what is 28 + 90b?
937
In base 11, what is -171a - -74?
-1656
In base 10, what is -197 - 23415?
-23612
In base 16, what is -59 + -4b1a?
-4b73
In base 8, what is 41 - -2166?
2227
In base 2, what is 101011010011110 - 10?
101011010011100
In base 14, what is 42 - 4c52?
-4c10
In base 3, what is 21021021 + -102?
21020212
In base 14, what is -4 - 72da?
-7300
In base 9, what is 11 + -1645?
-1634
In base 9, what is -66 - 525?
-602
In base 13, what is 4 + 108?
10c
In base 7, what is 246440 + 10?
246450
In base 14, what is -9 - 2721?
-272a
In base 11, what is -131a8 - 3?
-13200
In base 13, what is 4 + -19b187?
-19b183
In base 16, what is -d - -f2?
e5
In base 4, what is 11123212032 + -1?
11123212031
In base 5, what is -1 + -211011103?
-211011104
In base 12, what is 469 - 59?
410
In base 15, what is c - d54?
-d47
In base 14, what is -796b + -8?
-7975
In base 15, what is -7d301 - 4?
-7d305
In base 4, what is -1 - -32031312?
32031311
In base 12, what is -4 - -59528?
59524
In base 12, what is -1ab3 - -84?
-1a2b
In base 15, what is -1349 - 8?
-1352
In base 9, what is -401 - 2174?
-2575
In base 15, what is -1 + 7b82e?
7b82d
In base 6, what is -31110 - -144?
-30522
In base 9, what is 32 + 1150?
1182
In base 16, what is -5 - cf9e4?
-cf9e9
In base 6, what is 3 + -2415452?
-2415445
In base 8, what is -4 + -202777?
-203003
In base 4, what is 200 + -1113311?
-1113111
In base 13, what is 0 - 42622a?
-42622a
In base 7, what is -205 - 2345?
-2553
In base 13, what is -18a - 44?
-201
In base 14, what is 451 + -61?
3d0
In base 3, what is 222021210 - 1?
222021202
In base 6, what is 45432532 - -2?
45432534
In base 14, what is 74d + -44?
709
In base 5, what is 1323123 + -4?
1323114
In base 15, what is 464 - 26?
43d
In base 9, what is 27 - -265?
303
In base 10, what is 3 + -41095?
-41092
In base 5, what is 1001210 + -12?
1001143
In base 12, what is -27100 + -42?
-27142
In base 4, what is 22213 + -23?
22130
In base 7, what is 1 + -11420105?
-11420104
In base 10, what is -323 - 35?
-358
In base 13, what is 185b6 + 1?
185b7
In base 16, what is aa5 + 7c?
b21
In base 2, what is -11110110101100101 - -1?
-11110110101100100
In base 15, what is -44e + 28?
-426
In base 4, what is 1100102103 + -11?
1100102032
In base 5, what is 1013030 + 42?
1013122
In base 6, what is -1102212 + -41?
-1102253
In base 15, what is e - -29c2?
29d1
In base 3, what is 10 + -1020010211?
-1020010201
In base 8, what is -4 - -135367?
135363
In base 8, what is 2663 + -115?
2546
In base 7, what is 0 - -2123110?
2123110
In base 2, what is -10000 + 11101111100100111?
11101111100010111
In base 4, what is -130101023 - -2?
-130101021
In base 13, what is 22237a + 2?
22237c
In base 5, what is -1120 - -2202?
1032
In base 8, what is -51061 - -4?
-51055
In base 11, what is 43 + 1662?
16a5
In base 15, what is -9 - 901?
-90a
In base 9, what is 21683 + 4?
21687
In base 16, what is -5 - -2ff0?
2feb
In base 16, what is 6a5 + -17?
68e
In base 2, what is 1 + -1110001010010010010?
-1110001010010010001
In base 8, what is -115025 - 4?
-115031
In base 6, what is 20333 - 31?
20302
In base 13, what is -1a6b + -23?
-1a91
In base 12, what is 14 + -1451?
-1439
In base 14, what is 5 + -5bd1?
-5bca
In base 10, what is 537 - 72?
465
In base 13, what is 8 + 110cc?
11107
In base 15, what is -12 + ec05?
ebe3
In base 6, what is 1 - 1240103?
-1240102
In base 7, what is -123142 - 3?
-123145
In base 14, what is b03 - -c9?
bcc
In base 3, what is -10 - 21102120?
-21102200
In base 10, what is -36237 + 11?
-36226
In base 7, what is -10 - 34065?
-34105
In base 5, what is 34 + 1300423?
1301012
In base 2, what is 110 + -1111111101101?
-1111111100111
In base 11, what is 13 - -6058?
6070
In base 15, what is -4 - -39dd?
39d9
In base 4, what is 11 - -31122202?
31122213
In base 12, what is -34b + 34?
-317
In base 9, what is 4 - -10638?
10643
In base 16, what is 12cd + 4c?
1319
In base 3, what is -11 - 201102112001?
-201102112012
In base 15, what is 4337 - 2?
4335
In base 12, what is -6a + -440?
-4aa
In base 11, what is 7958 + 36?
7993
In base 6, what is 13 + -3414150?
-3414133
In base 13, what is -3 + 449c?
4499
In base 9, what is 1 + 18622?
18623
In base 11, what is 13 - -1405?
1418
In base 6, what is 51 - 304?
-213
In base 10, what is 37 - 25681?
-25644
In base 13, what is -3615 - 3?
-3618
In base 9, what is 5 + 303836?
303842
In base 7, what is -10142 - -112?
-10030
In base 2, what is 101001001011010 + 10001?
101001001101011
In base 6, what is -454433 + 5?
-454424
In base 7, what is -635 - 214?
-1152
In base 6, what is 3 + 142554?
143001
In base 13, what is 3 + -1197?
-1194
In base 4, what is 2031020 - -2211?
2033231
In base 15, what is 4160e - 0?
4160e
In base 2, what is 111000111011011 + 11001?
111000111110100
In base 10, what is -3 + -3119?
-3122
In base 3, what is 101210002 - 2002?
101201000
In base 14, what is -16d + -754?
-8c3
In base 6, what is -20 - 2033245?
-2033305
In base 15, what is 3c53 - 5?
3c4d
In base 10, what is -122 + -2356?
-2478
In base 2, what is 10010100010100000001 - -110?
10010100010100000111
In base 6, what is -552 + -23535?
-24531
In base 11, what is -987 - 18?
-9a4
In base 2, what is -1011001110 - -10110001?
-1000011101
In base 13, what is -54a - -209?
-341
In base 9, what is 58 - 7135?
-7066
In base 9, what is 60584 - -1?
60585
In base 10, what is -487 - -506?
19
In base 3, what is -120002121121 - 12?
-120002121210
In base 10, what is 302 + 78?
380
In base 15, what is -5 - 732e7?
-732ec
In base 6, what is -10245303 - 0?
-10245303
In base 14, what is -9a + -25c?
-318
In base 16, what is 266 + -254?
12
In base 3, what is -1021222 - -10120?
-1011102
In base 3, what is 121100 + -1200200?
-1002100
In base 2, what is 100 - -100000001010010?
100000001010110
In base 8, what is 1150 + -3340?
-2170
In base 12, what is 153 + 278?
40b
In base 16, what is -52946 + 2?
-52944
In base 15, what is 4 + -5c553?
-5c54e
In base 7, what is -216302 + 0?
-216302
In base 13, what is 3 + 4a58?
4a5b
In base 9, what is -8 - 68325?
-68334
In base 8, what is 20 - 27112?
-27072
In base 16, what is 9 - -b0b6?
b0bf
In base 13, what is 1 - 32b85?
-32b84
In base 7, what is 5 + -5451?
-5443
In base 6, what is 42145 + 3?
42152
In base 12, what is -3 - 14547?
-1454a
In base 4, what is 123 + 12200?
12323
In base 5, what is 11 - 11004444?
-11004433